{"id":418,"date":"2021-02-25T12:22:30","date_gmt":"2021-02-25T12:22:30","guid":{"rendered":"http:\/\/crm-maresme.com\/?page_id=418"},"modified":"2021-04-12T11:37:08","modified_gmt":"2021-04-12T11:37:08","slug":"missio-visio-valors","status":"publish","type":"page","link":"https:\/\/crm-maresme.com\/index.php\/missio-visio-valors\/","title":{"rendered":"Missi\u00f3, Visi\u00f3, Valors"},"content":{"rendered":"\t\t<div data-elementor-type=\"wp-page\" data-elementor-id=\"418\" class=\"elementor elementor-418\">\n\t\t\t\t\t\t\t\t\t<section class=\"elementor-section elementor-top-section elementor-element elementor-element-2c866b9 elementor-section-content-middle elementor-section-boxed elementor-section-height-default elementor-section-height-default parallax_section_no qode_elementor_container_no\" data-id=\"2c866b9\" data-element_type=\"section\">\n\t\t\t\t\t\t<div class=\"elementor-container elementor-column-gap-default\">\n\t\t\t\t\t<div class=\"elementor-column elementor-col-100 elementor-top-column elementor-element elementor-element-4ae5436\" data-id=\"4ae5436\" data-element_type=\"column\">\n\t\t\t<div class=\"elementor-widget-wrap elementor-element-populated\">\n\t\t\t\t\t\t\t\t<div class=\"elementor-element elementor-element-6db6bbd mb-0 elementor-widget elementor-widget-heading\" data-id=\"6db6bbd\" data-element_type=\"widget\" data-widget_type=\"heading.default\">\n\t\t\t\t<div class=\"elementor-widget-container\">\n\t\t\t<h2 class=\"elementor-heading-title elementor-size-default\">Missi\u00f3 - VISI\u00d3 - VALORS<\/h2>\t\t<\/div>\n\t\t\t\t<\/div>\n\t\t\t\t<div class=\"elementor-element elementor-element-ea28265 elementor-widget elementor-widget-text-editor\" data-id=\"ea28265\" data-element_type=\"widget\" data-widget_type=\"text-editor.default\">\n\t\t\t\t<div class=\"elementor-widget-container\">\n\t\t\t\t\t\t\t<p>\u00a0<\/p><p>Centre de refer\u00e8ncia en el diagn\u00f2stic per la imatge al servei de Matar\u00f3 i comarca, des de 1991, aportem una garantia diferencial de recorregut, experi\u00e8ncia, transversalitat i seguretat tant per als nostres pacients com pels nostres prescriptors i\/o col\u00b7laboradors, tot establint un fil comunicatiu per a un diagn\u00f2stic m\u00e9s acurat possible.<\/p><p>Especialitzats en exploracions d&#8217;alta tecnologia, oferint el millor servei radiol\u00f2gic integral i personalitzat i el diagn\u00f2stic m\u00e9s acurat.<\/p><p>Procurant ser capdavanters en la implantaci\u00f3 i\/o actualitzaci\u00f3 de noves tecnologies en l&#8217;\u00e0mbit del diagn\u00f2stic per la imatge, incorporant any rere any les m\u00e0quines m\u00e9s punteres, actualitzades i sostenibles.<\/p><p>A\u00a0CRM\u00a0hem prioritzat sempre les necessitats de tots els nostres pacients, volem seguir oferint tracte directe, personalitzat i de qualitat a tots els nostres pacients.<\/p><p>Ens diferenciem en la relaci\u00f3 humana entre els nostres especialistes i els nostres pacients. Comptem amb un servei d&#8217;alta tecnologia i qualitat, fent que tots els resultats arribin en 24\/48 hores.<\/p>\t\t\t\t\t\t<\/div>\n\t\t\t\t<\/div>\n\t\t\t\t\t<\/div>\n\t\t<\/div>\n\t\t\t\t\t\t\t<\/div>\n\t\t<\/section>\n\t\t\t\t<section class=\"elementor-section elementor-top-section elementor-element elementor-element-539e852 elementor-section-boxed elementor-section-height-default elementor-section-height-default parallax_section_no qode_elementor_container_no\" data-id=\"539e852\" data-element_type=\"section\">\n\t\t\t\t\t\t<div class=\"elementor-container elementor-column-gap-default\">\n\t\t\t\t\t<div class=\"elementor-column elementor-col-100 elementor-top-column elementor-element elementor-element-aee830c\" data-id=\"aee830c\" data-element_type=\"column\">\n\t\t\t<div class=\"elementor-widget-wrap elementor-element-populated\">\n\t\t\t\t\t\t\t\t<div class=\"elementor-element elementor-element-7676e51 elementor-widget elementor-widget-image\" data-id=\"7676e51\" data-element_type=\"widget\" data-widget_type=\"image.default\">\n\t\t\t\t<div class=\"elementor-widget-container\">\n\t\t\t\t\t\t\t\t\t\t\t\t\t\t\t<img decoding=\"async\" width=\"1100\" height=\"350\" src=\"https:\/\/crm-maresme.com\/wp-content\/uploads\/2021\/04\/valors_peu.jpg\" class=\"attachment-full size-full\" alt=\"\" loading=\"lazy\" srcset=\"https:\/\/crm-maresme.com\/wp-content\/uploads\/2021\/04\/valors_peu.jpg 1100w, https:\/\/crm-maresme.com\/wp-content\/uploads\/2021\/04\/valors_peu-300x95.jpg 300w, https:\/\/crm-maresme.com\/wp-content\/uploads\/2021\/04\/valors_peu-1024x326.jpg 1024w, https:\/\/crm-maresme.com\/wp-content\/uploads\/2021\/04\/valors_peu-768x244.jpg 768w, https:\/\/crm-maresme.com\/wp-content\/uploads\/2021\/04\/valors_peu-700x223.jpg 700w\" sizes=\"(max-width: 1100px) 100vw, 1100px\" \/>\t\t\t\t\t\t\t\t\t\t\t\t\t\t\t<\/div>\n\t\t\t\t<\/div>\n\t\t\t\t\t<\/div>\n\t\t<\/div>\n\t\t\t\t\t\t\t<\/div>\n\t\t<\/section>\n\t\t\t\t\t\t\t<\/div>\n\t\t","protected":false},"excerpt":{"rendered":"<p>Missi\u00f3 &#8211; VISI\u00d3 &#8211; VALORS \u00a0 Centre de refer\u00e8ncia en el diagn\u00f2stic per la imatge al servei de Matar\u00f3 i comarca, des de 1991, aportem una garantia diferencial de recorregut, experi\u00e8ncia, transversalitat i seguretat tant per als nostres pacients com pels nostres prescriptors i\/o col\u00b7laboradors,&#8230;<\/p>\n","protected":false},"author":1,"featured_media":0,"parent":0,"menu_order":0,"comment_status":"closed","ping_status":"closed","template":"","meta":[],"_links":{"self":[{"href":"https:\/\/crm-maresme.com\/index.php\/wp-json\/wp\/v2\/pages\/418"}],"collection":[{"href":"https:\/\/crm-maresme.com\/index.php\/wp-json\/wp\/v2\/pages"}],"about":[{"href":"https:\/\/crm-maresme.com\/index.php\/wp-json\/wp\/v2\/types\/page"}],"author":[{"embeddable":true,"href":"https:\/\/crm-maresme.com\/index.php\/wp-json\/wp\/v2\/users\/1"}],"replies":[{"embeddable":true,"href":"https:\/\/crm-maresme.com\/index.php\/wp-json\/wp\/v2\/comments?post=418"}],"version-history":[{"count":67,"href":"https:\/\/crm-maresme.com\/index.php\/wp-json\/wp\/v2\/pages\/418\/revisions"}],"predecessor-version":[{"id":972,"href":"https:\/\/crm-maresme.com\/index.php\/wp-json\/wp\/v2\/pages\/418\/revisions\/972"}],"wp:attachment":[{"href":"https:\/\/crm-maresme.com\/index.php\/wp-json\/wp\/v2\/media?parent=418"}],"curies":[{"name":"wp","href":"https:\/\/api.w.org\/{rel}","templated":true}]}}

Missió, Visió, Valors

<div data-elementor-type="wp-page" data-elementor-id="418" class="elementor elementor-418">
									<section class="elementor-section elementor-top-section elementor-element elementor-element-2c866b9 elementor-section-content-middle elementor-section-boxed elementor-section-height-default elementor-section-height-default parallax_section_no qode_elementor_container_no" data-id="2c866b9" data-element_type="section">
						<div class="elementor-container elementor-column-gap-default">
					<div class="elementor-column elementor-col-100 elementor-top-column elementor-element elementor-element-4ae5436" data-id="4ae5436" data-element_type="column">
			<div class="elementor-widget-wrap elementor-element-populated">
								<div class="elementor-element elementor-element-6db6bbd mb-0 elementor-widget elementor-widget-heading" data-id="6db6bbd" data-element_type="widget" data-widget_type="heading.default">
				<div class="elementor-widget-container">
			<h2 class="elementor-heading-title elementor-size-default">Missió - VISIÓ - VALORS</h2>		</div>
				</div>
				<div class="elementor-element elementor-element-ea28265 elementor-widget elementor-widget-text-editor" data-id="ea28265" data-element_type="widget" data-widget_type="text-editor.default">
				<div class="elementor-widget-container">
							<p> </p><p>Centre de referència en el diagnòstic per la imatge al servei de Mataró i comarca, des de 1991, aportem una garantia diferencial de recorregut, experiència, transversalitat i seguretat tant per als nostres pacients com pels nostres prescriptors i/o col·laboradors, tot establint un fil comunicatiu per a un diagnòstic més acurat possible.</p><p>Especialitzats en exploracions d&#8217;alta tecnologia, oferint el millor servei radiològic integral i personalitzat i el diagnòstic més acurat.</p><p>Procurant ser capdavanters en la implantació i/o actualització de noves tecnologies en l&#8217;àmbit del diagnòstic per la imatge, incorporant any rere any les màquines més punteres, actualitzades i sostenibles.</p><p>A CRM hem prioritzat sempre les necessitats de tots els nostres pacients, volem seguir oferint tracte directe, personalitzat i de qualitat a tots els nostres pacients.</p><p>Ens diferenciem en la relació humana entre els nostres especialistes i els nostres pacients. Comptem amb un servei d&#8217;alta tecnologia i qualitat, fent que tots els resultats arribin en 24/48 hores.</p>						</div>
				</div>
					</div>
		</div>
							</div>
		</section>
				<section class="elementor-section elementor-top-section elementor-element elementor-element-539e852 elementor-section-boxed elementor-section-height-default elementor-section-height-default parallax_section_no qode_elementor_container_no" data-id="539e852" data-element_type="section">
						<div class="elementor-container elementor-column-gap-default">
					<div class="elementor-column elementor-col-100 elementor-top-column elementor-element elementor-element-aee830c" data-id="aee830c" data-element_type="column">
			<div class="elementor-widget-wrap elementor-element-populated">
								<div class="elementor-element elementor-element-7676e51 elementor-widget elementor-widget-image" data-id="7676e51" data-element_type="widget" data-widget_type="image.default">
				<div class="elementor-widget-container">
															<img decoding="async" width="1100" height="350" src="https://crm-maresme.com/wp-content/uploads/2021/04/valors_peu.jpg" class="attachment-full size-full" alt="" loading="lazy" srcset="https://crm-maresme.com/wp-content/uploads/2021/04/valors_peu.jpg 1100w, https://crm-maresme.com/wp-content/uploads/2021/04/valors_peu-300x95.jpg 300w, https://crm-maresme.com/wp-content/uploads/2021/04/valors_peu-1024x326.jpg 1024w, https://crm-maresme.com/wp-content/uploads/2021/04/valors_peu-768x244.jpg 768w, https://crm-maresme.com/wp-content/uploads/2021/04/valors_peu-700x223.jpg 700w" sizes="(max-width: 1100px) 100vw, 1100px" />															</div>
				</div>
					</div>
		</div>
							</div>
		</section>
							</div>

<p>Missió &#8211; VISIÓ &#8211; VALORS   Centre de referència en el diagnòstic per la imatge al servei de Mataró i comarca, des de 1991, aportem una garantia diferencial de recorregut, experiència, transversalitat i seguretat tant per als nostres pacients com pels nostres prescriptors i/o col·laboradors,&#8230;</p>
